{"id":542,"date":"2025-01-21T21:13:09","date_gmt":"2025-01-21T14:13:09","guid":{"rendered":"https:\/\/codienlanhthienloc.com\/?page_id=542"},"modified":"2025-01-21T21:18:32","modified_gmt":"2025-01-21T14:18:32","slug":"sua-lo-vi-song","status":"publish","type":"page","link":"https:\/\/codienlanhthienloc.com\/index.php\/sua-lo-vi-song\/","title":{"rendered":"S\u1eeda l\u00f2 vi s\u00f3ng"},"content":{"rendered":"\n<div class=\"wp-block-group is-vertical is-layout-flex wp-container-core-group-is-layout-d7461d69 wp-block-group-is-layout-flex gtfy-11\" style=\"padding-right:var(--wp--preset--spacing--60);padding-left:var(--wp--preset--spacing--60)\">\n<h3 class=\"wp-block-heading gtfy-1\">D\u1ecbch V\u1ee5 S\u1eeda L\u00f2 Vi S\u00f3ng T\u1ea1i Nh\u00e0 Hu\u1ebf \u2013 \u0110i\u1ec7n L\u1ea1nh THI\u00caN L\u1ed8C<\/h3>\n\n\n\n<p class=\"has-foreground-color has-text-color has-link-color wp-elements-7896a226a6e6980ea79697dcce3203d3 gtfy-2\">V\u1edbi s\u1ef1 ph\u00e1t tri\u1ec3n m\u1ea1nh m\u1ebd c\u1ee7a x\u00e3 h\u1ed9i, c\u00e1c thi\u1ebft b\u1ecb gia d\u1ee5ng nh\u01b0 l\u00f2 vi s\u00f3ng \u0111\u00e3 tr\u1edf th\u00e0nh ph\u1ea7n kh\u00f4ng th\u1ec3 thi\u1ebfu trong m\u1ed7i gia \u0111\u00ecnh. Hi\u1ec3u \u0111\u01b0\u1ee3c t\u1ea7m quan tr\u1ecdng c\u1ee7a l\u00f2 vi s\u00f3ng, ch\u00fang t\u00f4i cung c\u1ea5p d\u1ecbch v\u1ee5 <strong>s\u1eeda l\u00f2 vi s\u00f3ng t\u1ea1i nh\u00e0<\/strong> uy t\u00edn v\u00e0 chuy\u00ean nghi\u1ec7p, gi\u00fap kh\u1eafc ph\u1ee5c s\u1ef1 c\u1ed1 nhanh ch\u00f3ng v\u00e0 hi\u1ec7u qu\u1ea3.<\/p>\n\n\n\n<p class=\"has-foreground-color has-text-color has-link-color wp-elements-6f2bfb609171f13fada0915b55bc9526 gtfy-3\">V\u1edbi \u0111\u1ed9i ng\u0169 k\u1ef9 thu\u1eadt vi\u00ean gi\u00e0u kinh nghi\u1ec7m v\u00e0 chuy\u00ean m\u00f4n cao, \u0110i\u1ec7n l\u1ea1nh THI\u00caN L\u1ed8C cam k\u1ebft s\u1eeda ch\u1eefa c\u00e1c lo\u1ea1i l\u00f2 vi s\u00f3ng, l\u00f2 viba hi\u1ec7u qu\u1ea3, ph\u1ee5c v\u1ee5 c\u00e1c qu\u1eadn, huy\u1ec7n v\u00e0 khu v\u1ef1c n\u1ed9i th\u00e0nh Hu\u1ebf.<\/p>\n\n\n\n<p class=\"has-foreground-color has-text-color has-link-color wp-elements-385f1b4f9ecce40a3ae582931e2dcd78 gtfy-4\">B\u00ean c\u1ea1nh d\u1ecbch v\u1ee5 s\u1eeda l\u00f2 vi s\u00f3ng, ch\u00fang t\u00f4i c\u00f2n cung c\u1ea5p c\u00e1c d\u1ecbch v\u1ee5 s\u1eeda ch\u1eefa, b\u1ea3o tr\u00ec v\u00e0 l\u1eafp \u0111\u1eb7t cho c\u00e1c thi\u1ebft b\u1ecb gia d\u1ee5ng kh\u00e1c nh\u01b0:<\/p>\n\n\n\n<ul class=\"wp-block-list has-foreground-color has-text-color has-link-color wp-elements-cffe4fec79640cc32103ce1c34bc7710 gtfy-10\">\n<li class=\"gtfy-5 gutenify-list-item\"><strong>M\u00e1y l\u1ea1nh<\/strong><\/li>\n\n\n\n<li class=\"gtfy-6 gutenify-list-item\"><strong>T\u1ee7 l\u1ea1nh<\/strong><\/li>\n\n\n\n<li class=\"gtfy-7 gutenify-list-item\"><strong>M\u00e1y gi\u1eb7t<\/strong><\/li>\n\n\n\n<li class=\"gtfy-8 gutenify-list-item\"><strong>M\u00e1y t\u1eafm n\u01b0\u1edbc n\u00f3ng<\/strong><\/li>\n\n\n\n<li class=\"gtfy-9 gutenify-list-item\"><strong>B\u00ecnh n\u00f3ng l\u1ea1nh<\/strong><\/li>\n<\/ul>\n<\/div>\n\n\n\n<div class=\"wp-block-group is-vertical is-content-justification-center is-layout-flex wp-container-core-group-is-layout-ce155fab wp-block-group-is-layout-flex gtfy-15\">\n<figure class=\"wp-block-image size-full is-resized gtfy-14\"><img loading=\"lazy\" decoding=\"async\" width=\"1024\" height=\"702\" src=\"https:\/\/codienlanhthienloc.com\/wp-content\/uploads\/2025\/01\/image-14.png\" alt=\"\" class=\"wp-image-546\" style=\"width:618px\" srcset=\"https:\/\/codienlanhthienloc.com\/wp-content\/uploads\/2025\/01\/image-14.png 1024w, https:\/\/codienlanhthienloc.com\/wp-content\/uploads\/2025\/01\/image-14-300x206.png 300w, https:\/\/codienlanhthienloc.com\/wp-content\/uploads\/2025\/01\/image-14-768x527.png 768w\" sizes=\"auto, (max-width: 1024px) 100vw, 1024px\" \/><figcaption class=\"wp-element-caption\">S\u1eeda l\u00f2 vi s\u00f3ng t\u1ea1i nh\u00e0<\/figcaption><\/figure>\n<\/div>\n\n\n\n<div class=\"wp-block-group is-vertical is-layout-flex wp-container-core-group-is-layout-d7461d69 wp-block-group-is-layout-flex gtfy-36\" style=\"padding-right:var(--wp--preset--spacing--60);padding-left:var(--wp--preset--spacing--60)\">\n<h3 class=\"wp-block-heading gtfy-18\">D\u1ecbch V\u1ee5 S\u1eeda L\u00f2 Vi S\u00f3ng T\u1ea1i Nh\u00e0 Hu\u1ebf \u2013 \u0110i\u1ec7n L\u1ea1nh THI\u00caN L\u1ed8C<\/h3>\n\n\n\n<p class=\"has-foreground-color has-text-color has-link-color wp-elements-8e02dda006a5190823b4ca7c04189743 gtfy-19\">Ch\u00fang t\u00f4i cung c\u1ea5p <strong>d\u1ecbch v\u1ee5 s\u1eeda ch\u1eefa l\u00f2 vi s\u00f3ng<\/strong> t\u1ea1i <strong>t\u1ea5t c\u1ea3 c\u00e1c qu\u1eadn, huy\u1ec7n t\u1ea1i Hu\u1ebf<\/strong>. V\u1edbi \u0111\u1ed9i ng\u0169 k\u1ef9 thu\u1eadt vi\u00ean chuy\u00ean nghi\u1ec7p, ch\u00fang t\u00f4i cam k\u1ebft s\u1eeda ch\u1eefa nhanh ch\u00f3ng, ch\u00ednh x\u00e1c m\u1ecdi h\u01b0 h\u1ecfng c\u1ee7a l\u00f2 vi s\u00f3ng.<\/p>\n\n\n\n<p class=\"has-foreground-color has-text-color has-link-color wp-elements-10d80ae3fbe15f474df5047a9f92a60d gtfy-20\"><strong>Cam k\u1ebft c\u1ee7a ch\u00fang t\u00f4i:<\/strong><\/p>\n\n\n\n<ul class=\"wp-block-list gtfy-24\">\n<li class=\"has-foreground-color has-text-color has-link-color wp-elements-ef7b7fdc2736c4f8ba1d771fffe127b5 gtfy-21 gutenify-list-item\"><strong>Chu\u1ea9n \u0111o\u00e1n ch\u00ednh x\u00e1c<\/strong> nguy\u00ean nh\u00e2n h\u01b0 h\u1ecfng<\/li>\n\n\n\n<li class=\"has-foreground-color has-text-color has-link-color wp-elements-60d331a0e3b1ea5cdc1c8fdf29ba5b2d gtfy-22 gutenify-list-item\"><strong>Linh ki\u1ec7n thay th\u1ebf<\/strong> r\u00f5 ngu\u1ed3n g\u1ed1c xu\u1ea5t x\u1ee9<\/li>\n\n\n\n<li class=\"has-foreground-color has-text-color has-link-color wp-elements-e01069c46a0d107d10b7ee37c22b460a gtfy-23 gutenify-list-item\"><strong>B\u1ea3o h\u00e0nh<\/strong> l\u00ean \u0111\u1ebfn 6 th\u00e1ng<\/li>\n<\/ul>\n\n\n\n<p class=\"has-foreground-color has-text-color has-link-color wp-elements-0a467348f06875f594cc2ded80a86ed4 gtfy-25\"><strong>C\u00e1c v\u1ea5n \u0111\u1ec1 th\u01b0\u1eddng g\u1eb7p c\u1ee7a l\u00f2 vi s\u00f3ng c\u1ea7n s\u1eeda ch\u1eefa:<\/strong><\/p>\n\n\n\n<ul class=\"wp-block-list gtfy-34\">\n<li class=\"has-foreground-color has-text-color has-link-color wp-elements-47f0549dd7cfb1f640f1ad7650e5b360 gtfy-26 gutenify-list-item\">L\u00f2 vi s\u00f3ng kh\u00f4ng ho\u1ea1t \u0111\u1ed9ng<\/li>\n\n\n\n<li class=\"has-foreground-color has-text-color has-link-color wp-elements-c82db00ed7eb30c365389320d351a319 gtfy-27 gutenify-list-item\">L\u00f2 vi s\u00f3ng ph\u00e1t ra ti\u1ebfng n\u1ed5 khi ho\u1ea1t \u0111\u1ed9ng<\/li>\n\n\n\n<li class=\"has-foreground-color has-text-color has-link-color wp-elements-4888bb526778d5172d17b3d272a465fb gtfy-28 gutenify-list-item\">L\u00f2 vi s\u00f3ng kh\u00f4ng v\u00e0o \u0111i\u1ec7n<\/li>\n\n\n\n<li class=\"has-foreground-color has-text-color has-link-color wp-elements-662624ae467228b24a60da8df967afc6 gtfy-29 gutenify-list-item\">L\u00f2 vi s\u00f3ng ho\u1ea1t \u0111\u1ed9ng nh\u01b0ng \u0111\u0129a kh\u00f4ng quay v\u00e0 \u0111\u00e8n kh\u00f4ng s\u00e1ng<\/li>\n\n\n\n<li class=\"has-foreground-color has-text-color has-link-color wp-elements-fa368aba8c45474bd5e59c3507e010f6 gtfy-30 gutenify-list-item\">L\u00f2 vi s\u00f3ng kh\u00f4ng n\u01b0\u1edbng \u0111\u01b0\u1ee3c (\u1edf ch\u1ebf \u0111\u1ed9 n\u01b0\u1edbng)<\/li>\n\n\n\n<li class=\"has-foreground-color has-text-color has-link-color wp-elements-4a9b4d96b3d079363371a955046a5685 gtfy-31 gutenify-list-item\">L\u00f2 vi s\u00f3ng kh\u00f4ng n\u00f3ng khi ho\u1ea1t \u0111\u1ed9ng \u1edf ch\u1ebf \u0111\u1ed9 cao t\u1ea7n<\/li>\n\n\n\n<li class=\"has-foreground-color has-text-color has-link-color wp-elements-450afb99cea9b372d4f96fb80a7cada8 gtfy-32 gutenify-list-item\">L\u00f2 vi s\u00f3ng \u0111\u00e8n s\u00e1ng nh\u01b0ng th\u1ee9c \u0103n kh\u00f4ng n\u00f3ng<\/li>\n\n\n\n<li class=\"has-foreground-color has-text-color has-link-color wp-elements-4063b10e83017a5d28e54aac61a96013 gtfy-33 gutenify-list-item\">L\u00f2 vi s\u00f3ng li\u1ec7t ph\u00edm, m\u1ea5t m\u1ed9t ho\u1eb7c nhi\u1ec1u ph\u00edm kh\u00f4ng s\u1eed d\u1ee5ng \u0111\u01b0\u1ee3c<\/li>\n<\/ul>\n\n\n\n<p class=\"has-foreground-color has-text-color has-link-color wp-elements-73205a0c3de2998ef33078827df8753b gtfy-35\"><strong>Ch\u00fang t\u00f4i kh\u00f4ng ng\u1ea1i xa, kh\u00f4ng ng\u1ea1i kh\u00f3<\/strong> \u2013 m\u1ecdi s\u1ef1 c\u1ed1 v\u1ec1 l\u00f2 vi s\u00f3ng \u0111\u1ec1u \u0111\u01b0\u1ee3c x\u1eed l\u00fd m\u1ed9t c\u00e1ch nhanh ch\u00f3ng v\u00e0 chuy\u00ean nghi\u1ec7p. Li\u00ean h\u1ec7 v\u1edbi \u0110i\u1ec7n l\u1ea1nh THI\u00caN L\u1ed8C ngay h\u00f4m nay \u0111\u1ec3 \u0111\u01b0\u1ee3c h\u1ed7 tr\u1ee3!<\/p>\n<\/div>\n\n\n\n<div class=\"wp-block-group is-vertical is-content-justification-center is-layout-flex wp-container-core-group-is-layout-ce155fab wp-block-group-is-layout-flex gtfy-40\">\n<figure class=\"wp-block-image size-full is-resized gtfy-39\"><img loading=\"lazy\" decoding=\"async\" width=\"700\" height=\"466\" src=\"https:\/\/codienlanhthienloc.com\/wp-content\/uploads\/2025\/01\/image-15.png\" alt=\"\" class=\"wp-image-549\" style=\"width:618px\" srcset=\"https:\/\/codienlanhthienloc.com\/wp-content\/uploads\/2025\/01\/image-15.png 700w, https:\/\/codienlanhthienloc.com\/wp-content\/uploads\/2025\/01\/image-15-300x200.png 300w\" sizes=\"auto, (max-width: 700px) 100vw, 700px\" \/><figcaption class=\"wp-element-caption\">\u0110\u1ed9i ng\u0169 nh\u00e2n vi\u00ean chuy\u00ean nghi\u1ec7p<\/figcaption><\/figure>\n<\/div>\n\n\n\n<div class=\"wp-block-group is-vertical is-layout-flex wp-container-core-group-is-layout-d7461d69 wp-block-group-is-layout-flex gtfy-51\" style=\"padding-right:var(--wp--preset--spacing--60);padding-left:var(--wp--preset--spacing--60)\">\n<p class=\"has-foreground-color has-text-color has-link-color wp-elements-b8258f139c091627ef7c3192ea7f57b7 gtfy-43\">Nh\u1eb1m \u0111\u00e1p \u1ee9ng t\u1ed1t nh\u1ea5t c\u00e1c nhu c\u1ea7u thi\u1ebft y\u1ebfu v\u1ec1 d\u1ecbch v\u1ee5 v\u00e0 l\u1eafng nghe \u00fd ki\u1ebfn \u0111\u00f3ng g\u00f3p c\u1ee7a kh\u00e1ch h\u00e0ng, \u0110i\u1ec7n l\u1ea1nh THI\u00caN L\u1ed8C cung c\u1ea5p \u0111\u1ea7y \u0111\u1ee7 th\u00f4ng tin \u0111\u1ec3 qu\u00fd kh\u00e1ch d\u1ec5 d\u00e0ng tham kh\u1ea3o c\u00e1c d\u1ecbch v\u1ee5 \u0111ang tri\u1ec3n khai.<\/p>\n\n\n\n<p class=\"has-foreground-color has-text-color has-link-color wp-elements-9f095ce2c4ff8fa21b125b46b3e87512 gtfy-44\">M\u1ecdi \u00fd ki\u1ebfn \u0111\u00f3ng g\u00f3p v\u00e0 y\u00eau c\u1ea7u h\u1ed7 tr\u1ee3, vui l\u00f2ng li\u00ean h\u1ec7:<\/p>\n\n\n\n<ul class=\"wp-block-list gtfy-49\">\n<li class=\"has-foreground-color has-text-color has-link-color wp-elements-ab0b66e15964a65ba03f9fcdc97b4740 gtfy-45 gutenify-list-item\"><strong>Hotline<\/strong>: 0943 431 119<\/li>\n\n\n\n<li class=\"has-foreground-color has-text-color has-link-color wp-elements-604c83a3caf9050eaf387476e306d9c8 gtfy-46 gutenify-list-item\"><strong>Email<\/strong>:\u00a0<a href=\"mailto:dienlanhthienloc@gmail.com\">dienlanhthienloc@gmail.com<\/a><\/li>\n\n\n\n<li class=\"has-foreground-color has-text-color has-link-color wp-elements-1513df2ad4bb75a392aec7f130878f62 gtfy-47 gutenify-list-item\"><strong>Website<\/strong>:\u00a0<a href=\"https:\/\/codienlanhthienloc.com\/\">https:\/\/codienlanhthienloc.com\/<\/a><\/li>\n\n\n\n<li class=\"has-foreground-color has-text-color has-link-color wp-elements-ccbe09a5f6558304b49a37661798d64a gtfy-48 gutenify-list-item\"><strong>\u0110\u1ecba ch\u1ec9<\/strong>: 5 Nguy\u1ec5n Tr\u00e3i, Thu\u1eadn Ho\u00e0, Hu\u1ebf, Th\u00e0nh ph\u1ed1 Hu\u1ebf<\/li>\n<\/ul>\n\n\n\n<p class=\"has-foreground-color has-text-color has-link-color wp-elements-e168a33bb12dac25f08c7315169dbc94 gtfy-50\">H\u00e2n h\u1ea1nh \u0111\u01b0\u1ee3c ph\u1ee5c v\u1ee5 qu\u00fd kh\u00e1ch!<\/p>\n<\/div>\n","protected":false},"excerpt":{"rendered":"<p>D\u1ecbch V\u1ee5 S\u1eeda L\u00f2 Vi S\u00f3ng T\u1ea1i Nh\u00e0 Hu\u1ebf \u2013 \u0110i\u1ec7n L\u1ea1nh THI\u00caN L\u1ed8C V\u1edbi [&hellip;]<\/p>\n","protected":false},"author":1,"featured_media":0,"parent":0,"menu_order":0,"comment_status":"closed","ping_status":"closed","template":"","meta":{"footnotes":""},"class_list":["post-542","page","type-page","status-publish","hentry"],"yoast_head":"<!-- This site is optimized with the Yoast SEO plugin v26.3 - https:\/\/yoast.com\/wordpress\/plugins\/seo\/ -->\n<title>S\u1eeda l\u00f2 vi s\u00f3ng - \u0110i\u1ec7n l\u1ea1nh Thi\u00ean L\u1ed9c<\/title>\n<meta name=\"robots\" content=\"index, follow, max-snippet:-1, max-image-preview:large, max-video-preview:-1\" \/>\n<link rel=\"canonical\" href=\"https:\/\/codienlanhthienloc.com\/index.php\/sua-lo-vi-song\/\" \/>\n<meta property=\"og:locale\" content=\"en_US\" \/>\n<meta property=\"og:type\" content=\"article\" \/>\n<meta property=\"og:title\" content=\"S\u1eeda l\u00f2 vi s\u00f3ng - \u0110i\u1ec7n l\u1ea1nh Thi\u00ean L\u1ed9c\" \/>\n<meta property=\"og:description\" content=\"D\u1ecbch V\u1ee5 S\u1eeda L\u00f2 Vi S\u00f3ng T\u1ea1i Nh\u00e0 Hu\u1ebf \u2013 \u0110i\u1ec7n L\u1ea1nh THI\u00caN L\u1ed8C V\u1edbi [&hellip;]\" \/>\n<meta property=\"og:url\" content=\"https:\/\/codienlanhthienloc.com\/index.php\/sua-lo-vi-song\/\" \/>\n<meta property=\"og:site_name\" content=\"\u0110i\u1ec7n l\u1ea1nh Thi\u00ean L\u1ed9c\" \/>\n<meta property=\"article:modified_time\" content=\"2025-01-21T14:18:32+00:00\" \/>\n<meta property=\"og:image\" content=\"https:\/\/codienlanhthienloc.com\/wp-content\/uploads\/2025\/01\/image-14.png\" \/>\n\t<meta property=\"og:image:width\" content=\"1024\" \/>\n\t<meta property=\"og:image:height\" content=\"702\" \/>\n\t<meta property=\"og:image:type\" content=\"image\/png\" \/>\n<meta name=\"twitter:card\" content=\"summary_large_image\" \/>\n<meta name=\"twitter:label1\" content=\"Est. reading time\" \/>\n\t<meta name=\"twitter:data1\" content=\"4 minutes\" \/>\n<script type=\"application\/ld+json\" class=\"yoast-schema-graph\">{\"@context\":\"https:\/\/schema.org\",\"@graph\":[{\"@type\":\"WebPage\",\"@id\":\"https:\/\/codienlanhthienloc.com\/index.php\/sua-lo-vi-song\/\",\"url\":\"https:\/\/codienlanhthienloc.com\/index.php\/sua-lo-vi-song\/\",\"name\":\"S\u1eeda l\u00f2 vi s\u00f3ng - \u0110i\u1ec7n l\u1ea1nh Thi\u00ean L\u1ed9c\",\"isPartOf\":{\"@id\":\"https:\/\/codienlanhthienloc.com\/#website\"},\"primaryImageOfPage\":{\"@id\":\"https:\/\/codienlanhthienloc.com\/index.php\/sua-lo-vi-song\/#primaryimage\"},\"image\":{\"@id\":\"https:\/\/codienlanhthienloc.com\/index.php\/sua-lo-vi-song\/#primaryimage\"},\"thumbnailUrl\":\"https:\/\/codienlanhthienloc.com\/wp-content\/uploads\/2025\/01\/image-14.png\",\"datePublished\":\"2025-01-21T14:13:09+00:00\",\"dateModified\":\"2025-01-21T14:18:32+00:00\",\"breadcrumb\":{\"@id\":\"https:\/\/codienlanhthienloc.com\/index.php\/sua-lo-vi-song\/#breadcrumb\"},\"inLanguage\":\"en-US\",\"potentialAction\":[{\"@type\":\"ReadAction\",\"target\":[\"https:\/\/codienlanhthienloc.com\/index.php\/sua-lo-vi-song\/\"]}]},{\"@type\":\"ImageObject\",\"inLanguage\":\"en-US\",\"@id\":\"https:\/\/codienlanhthienloc.com\/index.php\/sua-lo-vi-song\/#primaryimage\",\"url\":\"https:\/\/codienlanhthienloc.com\/wp-content\/uploads\/2025\/01\/image-14.png\",\"contentUrl\":\"https:\/\/codienlanhthienloc.com\/wp-content\/uploads\/2025\/01\/image-14.png\",\"width\":1024,\"height\":702},{\"@type\":\"BreadcrumbList\",\"@id\":\"https:\/\/codienlanhthienloc.com\/index.php\/sua-lo-vi-song\/#breadcrumb\",\"itemListElement\":[{\"@type\":\"ListItem\",\"position\":1,\"name\":\"Trang ch\u1ee7\",\"item\":\"https:\/\/codienlanhthienloc.com\/\"},{\"@type\":\"ListItem\",\"position\":2,\"name\":\"S\u1eeda l\u00f2 vi s\u00f3ng\"}]},{\"@type\":\"WebSite\",\"@id\":\"https:\/\/codienlanhthienloc.com\/#website\",\"url\":\"https:\/\/codienlanhthienloc.com\/\",\"name\":\"codienlanhthienloc.com\",\"description\":\"\u0110\u1eb7c Tr\u1ecdn Ni\u1ec1m Tin\",\"publisher\":{\"@id\":\"https:\/\/codienlanhthienloc.com\/#organization\"},\"potentialAction\":[{\"@type\":\"SearchAction\",\"target\":{\"@type\":\"EntryPoint\",\"urlTemplate\":\"https:\/\/codienlanhthienloc.com\/?s={search_term_string}\"},\"query-input\":{\"@type\":\"PropertyValueSpecification\",\"valueRequired\":true,\"valueName\":\"search_term_string\"}}],\"inLanguage\":\"en-US\"},{\"@type\":\"Organization\",\"@id\":\"https:\/\/codienlanhthienloc.com\/#organization\",\"name\":\"codienlanhthienloc.com\",\"url\":\"https:\/\/codienlanhthienloc.com\/\",\"logo\":{\"@type\":\"ImageObject\",\"inLanguage\":\"en-US\",\"@id\":\"https:\/\/codienlanhthienloc.com\/#\/schema\/logo\/image\/\",\"url\":\"https:\/\/codienlanhthienloc.com\/wp-content\/uploads\/2024\/01\/Screenshot-2024-01-20-at-21.41.27-1.png\",\"contentUrl\":\"https:\/\/codienlanhthienloc.com\/wp-content\/uploads\/2024\/01\/Screenshot-2024-01-20-at-21.41.27-1.png\",\"width\":934,\"height\":562,\"caption\":\"codienlanhthienloc.com\"},\"image\":{\"@id\":\"https:\/\/codienlanhthienloc.com\/#\/schema\/logo\/image\/\"}}]}<\/script>\n<!-- \/ Yoast SEO plugin. -->","yoast_head_json":{"title":"S\u1eeda l\u00f2 vi s\u00f3ng - \u0110i\u1ec7n l\u1ea1nh Thi\u00ean L\u1ed9c","robots":{"index":"index","follow":"follow","max-snippet":"max-snippet:-1","max-image-preview":"max-image-preview:large","max-video-preview":"max-video-preview:-1"},"canonical":"https:\/\/codienlanhthienloc.com\/index.php\/sua-lo-vi-song\/","og_locale":"en_US","og_type":"article","og_title":"S\u1eeda l\u00f2 vi s\u00f3ng - \u0110i\u1ec7n l\u1ea1nh Thi\u00ean L\u1ed9c","og_description":"D\u1ecbch V\u1ee5 S\u1eeda L\u00f2 Vi S\u00f3ng T\u1ea1i Nh\u00e0 Hu\u1ebf \u2013 \u0110i\u1ec7n L\u1ea1nh THI\u00caN L\u1ed8C V\u1edbi [&hellip;]","og_url":"https:\/\/codienlanhthienloc.com\/index.php\/sua-lo-vi-song\/","og_site_name":"\u0110i\u1ec7n l\u1ea1nh Thi\u00ean L\u1ed9c","article_modified_time":"2025-01-21T14:18:32+00:00","og_image":[{"width":1024,"height":702,"url":"https:\/\/codienlanhthienloc.com\/wp-content\/uploads\/2025\/01\/image-14.png","type":"image\/png"}],"twitter_card":"summary_large_image","twitter_misc":{"Est. reading time":"4 minutes"},"schema":{"@context":"https:\/\/schema.org","@graph":[{"@type":"WebPage","@id":"https:\/\/codienlanhthienloc.com\/index.php\/sua-lo-vi-song\/","url":"https:\/\/codienlanhthienloc.com\/index.php\/sua-lo-vi-song\/","name":"S\u1eeda l\u00f2 vi s\u00f3ng - \u0110i\u1ec7n l\u1ea1nh Thi\u00ean L\u1ed9c","isPartOf":{"@id":"https:\/\/codienlanhthienloc.com\/#website"},"primaryImageOfPage":{"@id":"https:\/\/codienlanhthienloc.com\/index.php\/sua-lo-vi-song\/#primaryimage"},"image":{"@id":"https:\/\/codienlanhthienloc.com\/index.php\/sua-lo-vi-song\/#primaryimage"},"thumbnailUrl":"https:\/\/codienlanhthienloc.com\/wp-content\/uploads\/2025\/01\/image-14.png","datePublished":"2025-01-21T14:13:09+00:00","dateModified":"2025-01-21T14:18:32+00:00","breadcrumb":{"@id":"https:\/\/codienlanhthienloc.com\/index.php\/sua-lo-vi-song\/#breadcrumb"},"inLanguage":"en-US","potentialAction":[{"@type":"ReadAction","target":["https:\/\/codienlanhthienloc.com\/index.php\/sua-lo-vi-song\/"]}]},{"@type":"ImageObject","inLanguage":"en-US","@id":"https:\/\/codienlanhthienloc.com\/index.php\/sua-lo-vi-song\/#primaryimage","url":"https:\/\/codienlanhthienloc.com\/wp-content\/uploads\/2025\/01\/image-14.png","contentUrl":"https:\/\/codienlanhthienloc.com\/wp-content\/uploads\/2025\/01\/image-14.png","width":1024,"height":702},{"@type":"BreadcrumbList","@id":"https:\/\/codienlanhthienloc.com\/index.php\/sua-lo-vi-song\/#breadcrumb","itemListElement":[{"@type":"ListItem","position":1,"name":"Trang ch\u1ee7","item":"https:\/\/codienlanhthienloc.com\/"},{"@type":"ListItem","position":2,"name":"S\u1eeda l\u00f2 vi s\u00f3ng"}]},{"@type":"WebSite","@id":"https:\/\/codienlanhthienloc.com\/#website","url":"https:\/\/codienlanhthienloc.com\/","name":"codienlanhthienloc.com","description":"\u0110\u1eb7c Tr\u1ecdn Ni\u1ec1m Tin","publisher":{"@id":"https:\/\/codienlanhthienloc.com\/#organization"},"potentialAction":[{"@type":"SearchAction","target":{"@type":"EntryPoint","urlTemplate":"https:\/\/codienlanhthienloc.com\/?s={search_term_string}"},"query-input":{"@type":"PropertyValueSpecification","valueRequired":true,"valueName":"search_term_string"}}],"inLanguage":"en-US"},{"@type":"Organization","@id":"https:\/\/codienlanhthienloc.com\/#organization","name":"codienlanhthienloc.com","url":"https:\/\/codienlanhthienloc.com\/","logo":{"@type":"ImageObject","inLanguage":"en-US","@id":"https:\/\/codienlanhthienloc.com\/#\/schema\/logo\/image\/","url":"https:\/\/codienlanhthienloc.com\/wp-content\/uploads\/2024\/01\/Screenshot-2024-01-20-at-21.41.27-1.png","contentUrl":"https:\/\/codienlanhthienloc.com\/wp-content\/uploads\/2024\/01\/Screenshot-2024-01-20-at-21.41.27-1.png","width":934,"height":562,"caption":"codienlanhthienloc.com"},"image":{"@id":"https:\/\/codienlanhthienloc.com\/#\/schema\/logo\/image\/"}}]}},"_links":{"self":[{"href":"https:\/\/codienlanhthienloc.com\/index.php\/wp-json\/wp\/v2\/pages\/542","targetHints":{"allow":["GET"]}}],"collection":[{"href":"https:\/\/codienlanhthienloc.com\/index.php\/wp-json\/wp\/v2\/pages"}],"about":[{"href":"https:\/\/codienlanhthienloc.com\/index.php\/wp-json\/wp\/v2\/types\/page"}],"author":[{"embeddable":true,"href":"https:\/\/codienlanhthienloc.com\/index.php\/wp-json\/wp\/v2\/users\/1"}],"replies":[{"embeddable":true,"href":"https:\/\/codienlanhthienloc.com\/index.php\/wp-json\/wp\/v2\/comments?post=542"}],"version-history":[{"count":4,"href":"https:\/\/codienlanhthienloc.com\/index.php\/wp-json\/wp\/v2\/pages\/542\/revisions"}],"predecessor-version":[{"id":552,"href":"https:\/\/codienlanhthienloc.com\/index.php\/wp-json\/wp\/v2\/pages\/542\/revisions\/552"}],"wp:attachment":[{"href":"https:\/\/codienlanhthienloc.com\/index.php\/wp-json\/wp\/v2\/media?parent=542"}],"curies":[{"name":"wp","href":"https:\/\/api.w.org\/{rel}","templated":true}]}}