{"id":497,"date":"2025-01-21T20:45:18","date_gmt":"2025-01-21T13:45:18","guid":{"rendered":"https:\/\/codienlanhthienloc.com\/?page_id=497"},"modified":"2025-01-21T20:57:25","modified_gmt":"2025-01-21T13:57:25","slug":"sua-tu-lanh","status":"publish","type":"page","link":"https:\/\/codienlanhthienloc.com\/index.php\/sua-tu-lanh\/","title":{"rendered":"S\u1eeda t\u1ee7 l\u1ea1nh"},"content":{"rendered":"\n<div class=\"wp-block-group is-vertical is-layout-flex wp-container-core-group-is-layout-5bba9bee wp-block-group-is-layout-flex gtfy-9\" style=\"padding-top:0;padding-right:var(--wp--preset--spacing--60);padding-bottom:0;padding-left:var(--wp--preset--spacing--60)\">\n<p class=\"has-foreground-color has-text-color has-link-color wp-elements-6bb96ae16b166d82e352480519d74e45 gtfy-1\" style=\"font-size:1.5rem\"><strong>Chuy\u00ean s\u1eeda t\u1ee7 l\u1ea1nh t\u1ea1i nh\u00e0 khu v\u1ef1c Hu\u1ebf<\/strong><\/p>\n\n\n\n<p class=\"has-foreground-color has-text-color has-link-color wp-elements-00dfa107d7806ff0e6346bd6c5e0b75d gtfy-2\">\u0110i\u1ec7n l\u1ea1nh THI\u00caN L\u1ed8C v\u1edbi \u0111\u1ed9i ng\u0169 k\u1ef9 thu\u1eadt vi\u00ean tay ngh\u1ec1 cao, nhi\u1ec1u n\u0103m kinh nghi\u1ec7m trong l\u0129nh v\u1ef1c s\u1eeda ch\u1eefa \u0111i\u1ec7n l\u1ea1nh, \u0111\u1eb7c bi\u1ec7t l\u00e0 b\u1ea3o tr\u00ec v\u00e0 s\u1eeda ch\u1eefa t\u1ee7 l\u1ea1nh. Ch\u00fang t\u00f4i kh\u1eafc ph\u1ee5c tri\u1ec7t \u0111\u1ec3 c\u00e1c s\u1ef1 c\u1ed1 th\u01b0\u1eddng g\u1eb7p tr\u00ean t\u1ee7 l\u1ea1nh Toshiba, Hitachi, Sanyo, t\u1ee7 l\u1ea1nh mini, t\u1ee7 l\u1ea1nh side-by-side, v\u00e0 nhi\u1ec1u l\u1ed7i kh\u00e1c khi\u1ebfn t\u1ee7 l\u1ea1nh nh\u00e0 b\u1ea1n kh\u00f4ng l\u00e0m l\u1ea1nh hi\u1ec7u qu\u1ea3.<br>D\u1ecbch v\u1ee5 s\u1eeda t\u1ee7 l\u1ea1nh t\u1ea1i nh\u00e0 c\u1ee7a ch\u00fang t\u00f4i \u0111\u1ea3m b\u1ea3o:<\/p>\n\n\n\n<ul class=\"wp-block-list gtfy-7\">\n<li class=\"has-foreground-color has-text-color has-link-color wp-elements-20a046ec20266f012bbc12f0876da9fd gtfy-3 gutenify-list-item\">Ph\u1ee5c v\u1ee5 chuy\u00ean nghi\u1ec7p, b\u1ea3o h\u00e0nh d\u00e0i h\u1ea1n.<\/li>\n\n\n\n<li class=\"has-foreground-color has-text-color has-link-color wp-elements-8805cd40e0ed3da1fff0908a1cadfadf gtfy-4 gutenify-list-item\">S\u1eed d\u1ee5ng linh ki\u1ec7n ch\u00ednh h\u00e3ng \u0111\u1ec3 thay th\u1ebf.<\/li>\n\n\n\n<li class=\"has-foreground-color has-text-color has-link-color wp-elements-73d4bd35553f86b2f03d443b83d64b8d gtfy-5 gutenify-list-item\">K\u1ef9 thu\u1eadt vi\u00ean ch\u1ea9n \u0111o\u00e1n \u0111\u00fang b\u1ec7nh v\u00e0 b\u00e1o gi\u00e1 r\u00f5 r\u00e0ng theo quy \u0111\u1ecbnh.<\/li>\n\n\n\n<li class=\"has-foreground-color has-text-color has-link-color wp-elements-6dbcd928877f05da0f3566c9f6c01e43 gtfy-6 gutenify-list-item\">H\u1ed7 tr\u1ee3 t\u01b0 v\u1ea5n mi\u1ec5n ph\u00ed qua s\u1ed1: <strong>0943 431 119<\/strong><\/li>\n<\/ul>\n\n\n\n<p class=\"has-foreground-color has-text-color has-link-color wp-elements-ea01d6a092197812342f9297e952121a gtfy-8\">V\u1edbi m\u1ea1ng l\u01b0\u1edbi chi nh\u00e1nh ph\u1ee7 r\u1ed9ng tr\u00ean \u0111\u1ecba b\u00e0n Hu\u1ebf, ch\u00fang t\u00f4i cam k\u1ebft c\u00f3 m\u1eb7t nhanh ch\u00f3ng sau khi ti\u1ebfp nh\u1eadn y\u00eau c\u1ea7u c\u1ee7a kh\u00e1ch h\u00e0ng \u0111\u1ec3 h\u1ed7 tr\u1ee3 s\u1eeda t\u1ee7 l\u1ea1nh hi\u1ec7u qu\u1ea3, ti\u1ebft ki\u1ec7m th\u1eddi gian v\u00e0 chi ph\u00ed. H\u00e3y li\u00ean h\u1ec7 ngay \u0111\u1ec3 \u0111\u01b0\u1ee3c ph\u1ee5c v\u1ee5 t\u1eadn t\u00ecnh v\u00e0 chuy\u00ean nghi\u1ec7p!<\/p>\n<\/div>\n\n\n\n<div class=\"wp-block-group is-vertical is-content-justification-center is-layout-flex wp-container-core-group-is-layout-a09d0e74 wp-block-group-is-layout-flex gtfy-13\" style=\"padding-right:var(--wp--preset--spacing--60);padding-left:var(--wp--preset--spacing--60)\">\n<figure class=\"wp-block-image size-large is-resized gtfy-12\"><img loading=\"lazy\" decoding=\"async\" width=\"1024\" height=\"680\" src=\"https:\/\/codienlanhthienloc.com\/wp-content\/uploads\/2025\/01\/image-7-1024x680.png\" alt=\"S\u1eeda ch\u1eefa t\u1ee7 l\u1ea1nh t\u1ea1i nh\u00e0\" class=\"wp-image-504\" style=\"width:628px;height:auto\" srcset=\"https:\/\/codienlanhthienloc.com\/wp-content\/uploads\/2025\/01\/image-7-1024x680.png 1024w, https:\/\/codienlanhthienloc.com\/wp-content\/uploads\/2025\/01\/image-7-300x199.png 300w, https:\/\/codienlanhthienloc.com\/wp-content\/uploads\/2025\/01\/image-7-768x510.png 768w, https:\/\/codienlanhthienloc.com\/wp-content\/uploads\/2025\/01\/image-7.png 1204w\" sizes=\"auto, (max-width: 1024px) 100vw, 1024px\" \/><figcaption class=\"wp-element-caption\"><mark style=\"background-color:rgba(0, 0, 0, 0)\" class=\"has-inline-color has-foreground-color\">S\u1eeda ch\u1eefa t\u1ee7 l\u1ea1nh t\u1ea1i nh\u00e0<\/mark><\/figcaption><\/figure>\n<\/div>\n\n\n\n<div class=\"wp-block-group is-vertical is-layout-flex wp-container-core-group-is-layout-d7461d69 wp-block-group-is-layout-flex gtfy-44\" style=\"padding-right:var(--wp--preset--spacing--60);padding-left:var(--wp--preset--spacing--60)\">\n<h3 class=\"wp-block-heading gtfy-16\">D\u1ecbch V\u1ee5 S\u1eeda T\u1ee7 L\u1ea1nh T\u1ea1i Nh\u00e0 \u2013 \u0110i\u1ec7n L\u1ea1nh THI\u00caN L\u1ed8C Khu V\u1ef1c Hu\u1ebf<\/h3>\n\n\n\n<p class=\"has-foreground-color has-text-color has-link-color wp-elements-a0ddcb58b526882ac02b1a267e81c650 gtfy-17\">Ch\u00fang t\u00f4i chuy\u00ean kh\u1eafc ph\u1ee5c tri\u1ec7t \u0111\u1ec3 c\u00e1c h\u01b0 h\u1ecfng th\u01b0\u1eddng g\u1eb7p tr\u00ean t\u1ee7 l\u1ea1nh nh\u01b0:<\/p>\n\n\n\n<ul class=\"wp-block-list gtfy-22\">\n<li class=\"has-foreground-color has-text-color has-link-color wp-elements-1b5387d8a2c0ca95129bdcdc9fa90454 gtfy-18 gutenify-list-item\">T\u1ee7 l\u1ea1nh kh\u00f4ng ho\u1ea1t \u0111\u1ed9ng.<\/li>\n\n\n\n<li class=\"has-foreground-color has-text-color has-link-color wp-elements-e46b23c00efcd1660d7d317c48e00df6 gtfy-19 gutenify-list-item\">T\u1ee7 l\u1ea1nh kh\u00f4ng \u0111\u00f4ng \u0111\u00e1 ho\u1eb7c l\u00e0m l\u1ea1nh k\u00e9m.<\/li>\n\n\n\n<li class=\"has-foreground-color has-text-color has-link-color wp-elements-e603aecab4873245b69198de98c7ea08 gtfy-20 gutenify-list-item\">T\u1ee7 l\u1ea1nh b\u1ecb h\u01b0 block, c\u1ea7n l\u00e0m \u0111\u1ed3ng v\u00e0 s\u01a1n s\u1eeda l\u1ea1i.<\/li>\n\n\n\n<li class=\"has-foreground-color has-text-color has-link-color wp-elements-943a9cc2ee981653ef0ea646c2711faa gtfy-21 gutenify-list-item\">Thay mi\u1ebfng \u0111\u1ec7m c\u1eeda t\u1ee7 l\u1ea1nh v\u00e0 nhi\u1ec1u l\u1ed7i ph\u1ee9c t\u1ea1p kh\u00e1c.<\/li>\n<\/ul>\n\n\n\n<h3 class=\"wp-block-heading gtfy-23\">Quy Tr\u00ecnh S\u1eeda T\u1ee7 L\u1ea1nh T\u1ea1i \u0110i\u1ec7n L\u1ea1nh THI\u00caN L\u1ed8C<\/h3>\n\n\n\n<ol class=\"wp-block-list gtfy-32\">\n<li class=\"has-foreground-color has-text-color has-link-color wp-elements-e123dbc0ccf8c0da75f20978ae472260 gtfy-24 gutenify-list-item\"><strong>Ti\u1ebfp nh\u1eadn y\u00eau c\u1ea7u<\/strong> c\u1ee7a kh\u00e1ch h\u00e0ng qua hotline <strong>0943 431 119<\/strong>.<\/li>\n\n\n\n<li class=\"has-foreground-color has-text-color has-link-color wp-elements-43f1a5d85070f3dee5122dd503997acf gtfy-25 gutenify-list-item\"><strong>Ph\u00e2n c\u00f4ng k\u1ef9 thu\u1eadt vi\u00ean<\/strong> g\u1ea7n khu v\u1ef1c kh\u00e1ch h\u00e0ng \u0111\u1ec3 ki\u1ec3m tra nhanh ch\u00f3ng.<\/li>\n\n\n\n<li class=\"has-foreground-color has-text-color has-link-color wp-elements-21ffbff5b6be39f681d1ece2f96f58df gtfy-26 gutenify-list-item\"><strong>Ch\u1ea9n \u0111o\u00e1n nguy\u00ean nh\u00e2n h\u01b0 h\u1ecfng<\/strong> v\u00e0 <strong>b\u00e1o gi\u00e1 minh b\u1ea1ch<\/strong> theo quy \u0111\u1ecbnh.<\/li>\n\n\n\n<li class=\"has-foreground-color has-text-color has-link-color wp-elements-c65b19e2aaaeef5061fd92f1c8fea10e gtfy-27 gutenify-list-item\">Kh\u00e1ch h\u00e0ng \u0111\u1ed3ng \u00fd -> <strong>Ti\u1ebfn h\u00e0nh s\u1eeda ch\u1eefa chuy\u00ean nghi\u1ec7p<\/strong>.<\/li>\n\n\n\n<li class=\"has-foreground-color has-text-color has-link-color wp-elements-30b7679c583c16ce6f0a6017d67d072f gtfy-28 gutenify-list-item\"><strong>S\u1eed d\u1ee5ng linh ki\u1ec7n ch\u00ednh h\u00e3ng<\/strong>, \u0111\u1ea3m b\u1ea3o ch\u1ea5t l\u01b0\u1ee3ng l\u00e2u d\u00e0i.<\/li>\n\n\n\n<li class=\"has-foreground-color has-text-color has-link-color wp-elements-47b9bcda4b828a8ab86f4873f6d7efd2 gtfy-29 gutenify-list-item\"><strong>Ki\u1ec3m tra v\u1eadn h\u00e0nh<\/strong> thi\u1ebft b\u1ecb tr\u01b0\u1edbc khi b\u00e0n giao.<\/li>\n\n\n\n<li class=\"has-foreground-color has-text-color has-link-color wp-elements-5393b6b0f0ea32ec22a42383f51001f9 gtfy-30 gutenify-list-item\"><strong>C\u1ea5p phi\u1ebfu b\u1ea3o h\u00e0nh<\/strong> cho kh\u00e1ch h\u00e0ng, th\u1eddi h\u1ea1n l\u00ean \u0111\u1ebfn <strong>6 th\u00e1ng<\/strong>.<\/li>\n\n\n\n<li class=\"has-foreground-color has-text-color has-link-color wp-elements-c8e48af5fca02c5288b2553cf3ac0bc2 gtfy-31 gutenify-list-item\">V\u1edbi l\u1ed7i h\u01b0 block, thi\u1ebft b\u1ecb s\u1ebd \u0111\u01b0\u1ee3c mang v\u1ec1 x\u01b0\u1edfng v\u00e0 b\u00e0n giao trong <strong>ng\u00e0y h\u00f4m sau<\/strong>.<\/li>\n<\/ol>\n\n\n\n<h3 class=\"wp-block-heading gtfy-33\">Cam K\u1ebft T\u1ea1i \u0110i\u1ec7n L\u1ea1nh THI\u00caN L\u1ed8C<\/h3>\n\n\n\n<ul class=\"wp-block-list gtfy-37\">\n<li class=\"has-foreground-color has-text-color has-link-color wp-elements-f2d40b18edb852b603b730286e1907f2 gtfy-34 gutenify-list-item\">K\u1ef9 thu\u1eadt vi\u00ean \u0111\u01b0\u1ee3c \u0111\u00e0o t\u1ea1o b\u00e0i b\u1ea3n c\u1ea3 v\u1ec1 chuy\u00ean m\u00f4n v\u00e0 k\u1ef9 n\u0103ng giao ti\u1ebfp.<\/li>\n\n\n\n<li class=\"has-foreground-color has-text-color has-link-color wp-elements-95eee0211319ca02028b17569487e7b9 gtfy-35 gutenify-list-item\">\u0110\u00fang gi\u1edd h\u1eb9n, ch\u1ea9n \u0111o\u00e1n ch\u00ednh x\u00e1c l\u1ed7i, b\u00e1o \u0111\u00fang gi\u00e1.<\/li>\n\n\n\n<li class=\"has-foreground-color has-text-color has-link-color wp-elements-a6a0bb5850000d6894ffd868fce0b576 gtfy-36 gutenify-list-item\">\u0110\u1ed9i ng\u0169 ch\u0103m s\u00f3c kh\u00e1ch h\u00e0ng lu\u00f4n s\u1eb5n s\u00e0ng h\u1ed7 tr\u1ee3 c\u1ea3 <strong>ng\u00e0y l\u1ec5 v\u00e0 Ch\u1ee7 Nh\u1eadt<\/strong>.<\/li>\n<\/ul>\n\n\n\n<h3 class=\"wp-block-heading gtfy-38\">D\u1ecbch V\u1ee5 S\u1eeda T\u1ee7 L\u1ea1nh \u0110a D\u1ea1ng Th\u01b0\u01a1ng Hi\u1ec7u<\/h3>\n\n\n\n<p class=\"has-foreground-color has-text-color has-link-color wp-elements-23e9d63515414c9c3167290acefdb07f gtfy-39\">Ch\u00fang t\u00f4i chuy\u00ean s\u1eeda ch\u1eefa c\u00e1c d\u00f2ng t\u1ee7 l\u1ea1nh c\u1ee7a c\u00e1c th\u01b0\u01a1ng hi\u1ec7u nh\u01b0:<\/p>\n\n\n\n<ul class=\"wp-block-list gtfy-42\">\n<li class=\"has-foreground-color has-text-color has-link-color wp-elements-041371dd3196cd647e5fdd510c8162b5 gtfy-40 gutenify-list-item\">Sanyo, Hitachi, Samsung, Panasonic, LG, Toshiba, Sharp, Electrolux, AQUA, ASANZO,&#8230;<\/li>\n\n\n\n<li class=\"has-foreground-color has-text-color has-link-color wp-elements-b11379e8e4e131d5068b68070eba2fc8 gtfy-41 gutenify-list-item\">Nh\u1eadn v\u1ec7 sinh t\u1ee7 l\u1ea1nh v\u00e0 s\u1eeda ch\u1eefa d\u00f2ng t\u1ee7 l\u1ea1nh side-by-side v\u1edbi gi\u00e1 c\u1ea3 h\u1ee3p l\u00fd.<\/li>\n<\/ul>\n\n\n\n<p class=\"has-foreground-color has-text-color has-link-color wp-elements-167d2d2fab45ba4447582147a78a4c8f gtfy-43\">\u0110i\u1ec7n L\u1ea1nh THI\u00caN L\u1ed8C lu\u00f4n l\u1ea5y <strong>l\u1ee3i \u00edch kh\u00e1ch h\u00e0ng l\u00e0m \u01b0u ti\u00ean h\u00e0ng \u0111\u1ea7u<\/strong>, mang l\u1ea1i s\u1ef1 h\u00e0i l\u00f2ng v\u00e0 ni\u1ec1m tin tuy\u1ec7t \u0111\u1ed1i v\u1edbi d\u1ecbch v\u1ee5 c\u1ee7a ch\u00fang t\u00f4i. Gi\u00e1 c\u1ea3 \u0111\u01b0\u1ee3c ni\u00eam y\u1ebft r\u00f5 r\u00e0ng tr\u00ean website \u0111\u1ec3 qu\u00fd kh\u00e1ch tham kh\u1ea3o d\u1ec5 d\u00e0ng. Li\u00ean h\u1ec7 ngay \u0111\u1ec3 tr\u1ea3i nghi\u1ec7m d\u1ecbch v\u1ee5 s\u1eeda t\u1ee7 l\u1ea1nh t\u1eadn t\u00e2m v\u00e0 ch\u1ea5t l\u01b0\u1ee3ng!<\/p>\n<\/div>\n\n\n\n<div class=\"wp-block-group is-content-justification-center is-nowrap is-layout-flex wp-container-core-group-is-layout-23441af8 wp-block-group-is-layout-flex gtfy-49\">\n<figure class=\"wp-block-image size-large is-resized wp-duotone-unset-47 gtfy-48\"><img loading=\"lazy\" decoding=\"async\" width=\"1024\" height=\"683\" src=\"https:\/\/codienlanhthienloc.com\/wp-content\/uploads\/2025\/01\/image-8-1024x683.png\" alt=\"\" class=\"wp-image-514\" style=\"width:571px;height:auto\" srcset=\"https:\/\/codienlanhthienloc.com\/wp-content\/uploads\/2025\/01\/image-8-1024x683.png 1024w, https:\/\/codienlanhthienloc.com\/wp-content\/uploads\/2025\/01\/image-8-300x200.png 300w, https:\/\/codienlanhthienloc.com\/wp-content\/uploads\/2025\/01\/image-8-768x512.png 768w, https:\/\/codienlanhthienloc.com\/wp-content\/uploads\/2025\/01\/image-8.png 1200w\" sizes=\"auto, (max-width: 1024px) 100vw, 1024px\" \/><figcaption class=\"wp-element-caption\">\u0110\u1ed9i ng\u0169 nh\u00e2n vi\u00ean chuy\u00ean nghi\u1ec7p<\/figcaption><\/figure>\n<\/div>\n\n\n\n<div class=\"wp-block-group is-vertical is-layout-flex wp-container-core-group-is-layout-d7461d69 wp-block-group-is-layout-flex gtfy-60\" style=\"padding-right:var(--wp--preset--spacing--60);padding-left:var(--wp--preset--spacing--60)\">\n<p class=\"has-foreground-color has-text-color has-link-color wp-elements-b8258f139c091627ef7c3192ea7f57b7 gtfy-52\">Nh\u1eb1m \u0111\u00e1p \u1ee9ng t\u1ed1t nh\u1ea5t c\u00e1c nhu c\u1ea7u thi\u1ebft y\u1ebfu v\u1ec1 d\u1ecbch v\u1ee5 v\u00e0 l\u1eafng nghe \u00fd ki\u1ebfn \u0111\u00f3ng g\u00f3p c\u1ee7a kh\u00e1ch h\u00e0ng, \u0110i\u1ec7n l\u1ea1nh THI\u00caN L\u1ed8C cung c\u1ea5p \u0111\u1ea7y \u0111\u1ee7 th\u00f4ng tin \u0111\u1ec3 qu\u00fd kh\u00e1ch d\u1ec5 d\u00e0ng tham kh\u1ea3o c\u00e1c d\u1ecbch v\u1ee5 \u0111ang tri\u1ec3n khai.<\/p>\n\n\n\n<p class=\"has-foreground-color has-text-color has-link-color wp-elements-9f095ce2c4ff8fa21b125b46b3e87512 gtfy-53\">M\u1ecdi \u00fd ki\u1ebfn \u0111\u00f3ng g\u00f3p v\u00e0 y\u00eau c\u1ea7u h\u1ed7 tr\u1ee3, vui l\u00f2ng li\u00ean h\u1ec7:<\/p>\n\n\n\n<ul class=\"wp-block-list gtfy-58\">\n<li class=\"has-foreground-color has-text-color has-link-color wp-elements-ab0b66e15964a65ba03f9fcdc97b4740 gtfy-54 gutenify-list-item\"><strong>Hotline<\/strong>: 0943 431 119<\/li>\n\n\n\n<li class=\"has-foreground-color has-text-color has-link-color wp-elements-604c83a3caf9050eaf387476e306d9c8 gtfy-55 gutenify-list-item\"><strong>Email<\/strong>:\u00a0<a href=\"mailto:dienlanhthienloc@gmail.com\">dienlanhthienloc@gmail.com<\/a><\/li>\n\n\n\n<li class=\"has-foreground-color has-text-color has-link-color wp-elements-1513df2ad4bb75a392aec7f130878f62 gtfy-56 gutenify-list-item\"><strong>Website<\/strong>:\u00a0<a href=\"https:\/\/codienlanhthienloc.com\/\">https:\/\/codienlanhthienloc.com\/<\/a><\/li>\n\n\n\n<li class=\"has-foreground-color has-text-color has-link-color wp-elements-ccbe09a5f6558304b49a37661798d64a gtfy-57 gutenify-list-item\"><strong>\u0110\u1ecba ch\u1ec9<\/strong>: 5 Nguy\u1ec5n Tr\u00e3i, Thu\u1eadn Ho\u00e0, Hu\u1ebf, Th\u00e0nh ph\u1ed1 Hu\u1ebf<\/li>\n<\/ul>\n\n\n\n<p class=\"has-foreground-color has-text-color has-link-color wp-elements-e168a33bb12dac25f08c7315169dbc94 gtfy-59\">H\u00e2n h\u1ea1nh \u0111\u01b0\u1ee3c ph\u1ee5c v\u1ee5 qu\u00fd kh\u00e1ch!<\/p>\n<\/div>\n","protected":false},"excerpt":{"rendered":"<p>Chuy\u00ean s\u1eeda t\u1ee7 l\u1ea1nh t\u1ea1i nh\u00e0 khu v\u1ef1c Hu\u1ebf \u0110i\u1ec7n l\u1ea1nh THI\u00caN L\u1ed8C v\u1edbi \u0111\u1ed9i [&hellip;]<\/p>\n","protected":false},"author":1,"featured_media":0,"parent":0,"menu_order":0,"comment_status":"closed","ping_status":"closed","template":"","meta":{"footnotes":""},"class_list":["post-497","page","type-page","status-publish","hentry"],"yoast_head":"<!-- This site is optimized with the Yoast SEO plugin v26.3 - https:\/\/yoast.com\/wordpress\/plugins\/seo\/ -->\n<title>S\u1eeda t\u1ee7 l\u1ea1nh - \u0110i\u1ec7n l\u1ea1nh Thi\u00ean L\u1ed9c<\/title>\n<meta name=\"robots\" content=\"index, follow, max-snippet:-1, max-image-preview:large, max-video-preview:-1\" \/>\n<link rel=\"canonical\" href=\"https:\/\/codienlanhthienloc.com\/index.php\/sua-tu-lanh\/\" \/>\n<meta property=\"og:locale\" content=\"en_US\" \/>\n<meta property=\"og:type\" content=\"article\" \/>\n<meta property=\"og:title\" content=\"S\u1eeda t\u1ee7 l\u1ea1nh - \u0110i\u1ec7n l\u1ea1nh Thi\u00ean L\u1ed9c\" \/>\n<meta property=\"og:description\" content=\"Chuy\u00ean s\u1eeda t\u1ee7 l\u1ea1nh t\u1ea1i nh\u00e0 khu v\u1ef1c Hu\u1ebf \u0110i\u1ec7n l\u1ea1nh THI\u00caN L\u1ed8C v\u1edbi \u0111\u1ed9i [&hellip;]\" \/>\n<meta property=\"og:url\" content=\"https:\/\/codienlanhthienloc.com\/index.php\/sua-tu-lanh\/\" \/>\n<meta property=\"og:site_name\" content=\"\u0110i\u1ec7n l\u1ea1nh Thi\u00ean L\u1ed9c\" \/>\n<meta property=\"article:modified_time\" content=\"2025-01-21T13:57:25+00:00\" \/>\n<meta property=\"og:image\" content=\"https:\/\/codienlanhthienloc.com\/wp-content\/uploads\/2025\/01\/image-7.png\" \/>\n\t<meta property=\"og:image:width\" content=\"1204\" \/>\n\t<meta property=\"og:image:height\" content=\"800\" \/>\n\t<meta property=\"og:image:type\" content=\"image\/png\" \/>\n<meta name=\"twitter:card\" content=\"summary_large_image\" \/>\n<meta name=\"twitter:label1\" content=\"Est. reading time\" \/>\n\t<meta name=\"twitter:data1\" content=\"5 minutes\" \/>\n<script type=\"application\/ld+json\" class=\"yoast-schema-graph\">{\"@context\":\"https:\/\/schema.org\",\"@graph\":[{\"@type\":\"WebPage\",\"@id\":\"https:\/\/codienlanhthienloc.com\/index.php\/sua-tu-lanh\/\",\"url\":\"https:\/\/codienlanhthienloc.com\/index.php\/sua-tu-lanh\/\",\"name\":\"S\u1eeda t\u1ee7 l\u1ea1nh - \u0110i\u1ec7n l\u1ea1nh Thi\u00ean L\u1ed9c\",\"isPartOf\":{\"@id\":\"https:\/\/codienlanhthienloc.com\/#website\"},\"primaryImageOfPage\":{\"@id\":\"https:\/\/codienlanhthienloc.com\/index.php\/sua-tu-lanh\/#primaryimage\"},\"image\":{\"@id\":\"https:\/\/codienlanhthienloc.com\/index.php\/sua-tu-lanh\/#primaryimage\"},\"thumbnailUrl\":\"https:\/\/codienlanhthienloc.com\/wp-content\/uploads\/2025\/01\/image-7-1024x680.png\",\"datePublished\":\"2025-01-21T13:45:18+00:00\",\"dateModified\":\"2025-01-21T13:57:25+00:00\",\"breadcrumb\":{\"@id\":\"https:\/\/codienlanhthienloc.com\/index.php\/sua-tu-lanh\/#breadcrumb\"},\"inLanguage\":\"en-US\",\"potentialAction\":[{\"@type\":\"ReadAction\",\"target\":[\"https:\/\/codienlanhthienloc.com\/index.php\/sua-tu-lanh\/\"]}]},{\"@type\":\"ImageObject\",\"inLanguage\":\"en-US\",\"@id\":\"https:\/\/codienlanhthienloc.com\/index.php\/sua-tu-lanh\/#primaryimage\",\"url\":\"https:\/\/codienlanhthienloc.com\/wp-content\/uploads\/2025\/01\/image-7.png\",\"contentUrl\":\"https:\/\/codienlanhthienloc.com\/wp-content\/uploads\/2025\/01\/image-7.png\",\"width\":1204,\"height\":800},{\"@type\":\"BreadcrumbList\",\"@id\":\"https:\/\/codienlanhthienloc.com\/index.php\/sua-tu-lanh\/#breadcrumb\",\"itemListElement\":[{\"@type\":\"ListItem\",\"position\":1,\"name\":\"Trang ch\u1ee7\",\"item\":\"https:\/\/codienlanhthienloc.com\/\"},{\"@type\":\"ListItem\",\"position\":2,\"name\":\"S\u1eeda t\u1ee7 l\u1ea1nh\"}]},{\"@type\":\"WebSite\",\"@id\":\"https:\/\/codienlanhthienloc.com\/#website\",\"url\":\"https:\/\/codienlanhthienloc.com\/\",\"name\":\"codienlanhthienloc.com\",\"description\":\"\u0110\u1eb7c Tr\u1ecdn Ni\u1ec1m Tin\",\"publisher\":{\"@id\":\"https:\/\/codienlanhthienloc.com\/#organization\"},\"potentialAction\":[{\"@type\":\"SearchAction\",\"target\":{\"@type\":\"EntryPoint\",\"urlTemplate\":\"https:\/\/codienlanhthienloc.com\/?s={search_term_string}\"},\"query-input\":{\"@type\":\"PropertyValueSpecification\",\"valueRequired\":true,\"valueName\":\"search_term_string\"}}],\"inLanguage\":\"en-US\"},{\"@type\":\"Organization\",\"@id\":\"https:\/\/codienlanhthienloc.com\/#organization\",\"name\":\"codienlanhthienloc.com\",\"url\":\"https:\/\/codienlanhthienloc.com\/\",\"logo\":{\"@type\":\"ImageObject\",\"inLanguage\":\"en-US\",\"@id\":\"https:\/\/codienlanhthienloc.com\/#\/schema\/logo\/image\/\",\"url\":\"https:\/\/codienlanhthienloc.com\/wp-content\/uploads\/2024\/01\/Screenshot-2024-01-20-at-21.41.27-1.png\",\"contentUrl\":\"https:\/\/codienlanhthienloc.com\/wp-content\/uploads\/2024\/01\/Screenshot-2024-01-20-at-21.41.27-1.png\",\"width\":934,\"height\":562,\"caption\":\"codienlanhthienloc.com\"},\"image\":{\"@id\":\"https:\/\/codienlanhthienloc.com\/#\/schema\/logo\/image\/\"}}]}<\/script>\n<!-- \/ Yoast SEO plugin. -->","yoast_head_json":{"title":"S\u1eeda t\u1ee7 l\u1ea1nh - \u0110i\u1ec7n l\u1ea1nh Thi\u00ean L\u1ed9c","robots":{"index":"index","follow":"follow","max-snippet":"max-snippet:-1","max-image-preview":"max-image-preview:large","max-video-preview":"max-video-preview:-1"},"canonical":"https:\/\/codienlanhthienloc.com\/index.php\/sua-tu-lanh\/","og_locale":"en_US","og_type":"article","og_title":"S\u1eeda t\u1ee7 l\u1ea1nh - \u0110i\u1ec7n l\u1ea1nh Thi\u00ean L\u1ed9c","og_description":"Chuy\u00ean s\u1eeda t\u1ee7 l\u1ea1nh t\u1ea1i nh\u00e0 khu v\u1ef1c Hu\u1ebf \u0110i\u1ec7n l\u1ea1nh THI\u00caN L\u1ed8C v\u1edbi \u0111\u1ed9i [&hellip;]","og_url":"https:\/\/codienlanhthienloc.com\/index.php\/sua-tu-lanh\/","og_site_name":"\u0110i\u1ec7n l\u1ea1nh Thi\u00ean L\u1ed9c","article_modified_time":"2025-01-21T13:57:25+00:00","og_image":[{"width":1204,"height":800,"url":"https:\/\/codienlanhthienloc.com\/wp-content\/uploads\/2025\/01\/image-7.png","type":"image\/png"}],"twitter_card":"summary_large_image","twitter_misc":{"Est. reading time":"5 minutes"},"schema":{"@context":"https:\/\/schema.org","@graph":[{"@type":"WebPage","@id":"https:\/\/codienlanhthienloc.com\/index.php\/sua-tu-lanh\/","url":"https:\/\/codienlanhthienloc.com\/index.php\/sua-tu-lanh\/","name":"S\u1eeda t\u1ee7 l\u1ea1nh - \u0110i\u1ec7n l\u1ea1nh Thi\u00ean L\u1ed9c","isPartOf":{"@id":"https:\/\/codienlanhthienloc.com\/#website"},"primaryImageOfPage":{"@id":"https:\/\/codienlanhthienloc.com\/index.php\/sua-tu-lanh\/#primaryimage"},"image":{"@id":"https:\/\/codienlanhthienloc.com\/index.php\/sua-tu-lanh\/#primaryimage"},"thumbnailUrl":"https:\/\/codienlanhthienloc.com\/wp-content\/uploads\/2025\/01\/image-7-1024x680.png","datePublished":"2025-01-21T13:45:18+00:00","dateModified":"2025-01-21T13:57:25+00:00","breadcrumb":{"@id":"https:\/\/codienlanhthienloc.com\/index.php\/sua-tu-lanh\/#breadcrumb"},"inLanguage":"en-US","potentialAction":[{"@type":"ReadAction","target":["https:\/\/codienlanhthienloc.com\/index.php\/sua-tu-lanh\/"]}]},{"@type":"ImageObject","inLanguage":"en-US","@id":"https:\/\/codienlanhthienloc.com\/index.php\/sua-tu-lanh\/#primaryimage","url":"https:\/\/codienlanhthienloc.com\/wp-content\/uploads\/2025\/01\/image-7.png","contentUrl":"https:\/\/codienlanhthienloc.com\/wp-content\/uploads\/2025\/01\/image-7.png","width":1204,"height":800},{"@type":"BreadcrumbList","@id":"https:\/\/codienlanhthienloc.com\/index.php\/sua-tu-lanh\/#breadcrumb","itemListElement":[{"@type":"ListItem","position":1,"name":"Trang ch\u1ee7","item":"https:\/\/codienlanhthienloc.com\/"},{"@type":"ListItem","position":2,"name":"S\u1eeda t\u1ee7 l\u1ea1nh"}]},{"@type":"WebSite","@id":"https:\/\/codienlanhthienloc.com\/#website","url":"https:\/\/codienlanhthienloc.com\/","name":"codienlanhthienloc.com","description":"\u0110\u1eb7c Tr\u1ecdn Ni\u1ec1m Tin","publisher":{"@id":"https:\/\/codienlanhthienloc.com\/#organization"},"potentialAction":[{"@type":"SearchAction","target":{"@type":"EntryPoint","urlTemplate":"https:\/\/codienlanhthienloc.com\/?s={search_term_string}"},"query-input":{"@type":"PropertyValueSpecification","valueRequired":true,"valueName":"search_term_string"}}],"inLanguage":"en-US"},{"@type":"Organization","@id":"https:\/\/codienlanhthienloc.com\/#organization","name":"codienlanhthienloc.com","url":"https:\/\/codienlanhthienloc.com\/","logo":{"@type":"ImageObject","inLanguage":"en-US","@id":"https:\/\/codienlanhthienloc.com\/#\/schema\/logo\/image\/","url":"https:\/\/codienlanhthienloc.com\/wp-content\/uploads\/2024\/01\/Screenshot-2024-01-20-at-21.41.27-1.png","contentUrl":"https:\/\/codienlanhthienloc.com\/wp-content\/uploads\/2024\/01\/Screenshot-2024-01-20-at-21.41.27-1.png","width":934,"height":562,"caption":"codienlanhthienloc.com"},"image":{"@id":"https:\/\/codienlanhthienloc.com\/#\/schema\/logo\/image\/"}}]}},"_links":{"self":[{"href":"https:\/\/codienlanhthienloc.com\/index.php\/wp-json\/wp\/v2\/pages\/497","targetHints":{"allow":["GET"]}}],"collection":[{"href":"https:\/\/codienlanhthienloc.com\/index.php\/wp-json\/wp\/v2\/pages"}],"about":[{"href":"https:\/\/codienlanhthienloc.com\/index.php\/wp-json\/wp\/v2\/types\/page"}],"author":[{"embeddable":true,"href":"https:\/\/codienlanhthienloc.com\/index.php\/wp-json\/wp\/v2\/users\/1"}],"replies":[{"embeddable":true,"href":"https:\/\/codienlanhthienloc.com\/index.php\/wp-json\/wp\/v2\/comments?post=497"}],"version-history":[{"count":9,"href":"https:\/\/codienlanhthienloc.com\/index.php\/wp-json\/wp\/v2\/pages\/497\/revisions"}],"predecessor-version":[{"id":518,"href":"https:\/\/codienlanhthienloc.com\/index.php\/wp-json\/wp\/v2\/pages\/497\/revisions\/518"}],"wp:attachment":[{"href":"https:\/\/codienlanhthienloc.com\/index.php\/wp-json\/wp\/v2\/media?parent=497"}],"curies":[{"name":"wp","href":"https:\/\/api.w.org\/{rel}","templated":true}]}}